{"id":47,"date":"2022-08-26T10:29:08","date_gmt":"2022-08-26T10:29:08","guid":{"rendered":"https:\/\/www.miroslavnovotny.sk\/?page_id=47"},"modified":"2025-07-28T11:25:51","modified_gmt":"2025-07-28T11:25:51","slug":"uzitocne-linky","status":"publish","type":"page","link":"https:\/\/www.miroslavnovotny.sk\/?page_id=47","title":{"rendered":"Linky"},"content":{"rendered":"\t\t<div data-elementor-type=\"wp-page\" data-elementor-id=\"47\" class=\"elementor elementor-47\" data-elementor-post-type=\"page\">\n\t\t\t\t\t\t<section class=\"elementor-section elementor-top-section elementor-element elementor-element-ed59ead elementor-section-boxed elementor-section-height-default elementor-section-height-default\" data-id=\"ed59ead\" data-element_type=\"section\" data-e-type=\"section\">\n\t\t\t\t\t\t<div class=\"elementor-container elementor-column-gap-default\">\n\t\t\t\t\t<div class=\"elementor-column elementor-col-100 elementor-top-column elementor-element elementor-element-ea15518\" data-id=\"ea15518\" data-element_type=\"column\" data-e-type=\"column\">\n\t\t\t<div class=\"elementor-widget-wrap elementor-element-populated\">\n\t\t\t\t\t\t<div class=\"elementor-element elementor-element-9275772 elementor-widget elementor-widget-heading\" data-id=\"9275772\" data-element_type=\"widget\" data-e-type=\"widget\" data-widget_type=\"heading.default\">\n\t\t\t\t<div class=\"elementor-widget-container\">\n\t\t\t\t\t<h1 class=\"elementor-heading-title elementor-size-default\">U\u017eito\u010dn\u00e9 linky<\/h1>\t\t\t\t<\/div>\n\t\t\t\t<\/div>\n\t\t\t\t<div class=\"elementor-element elementor-element-db496ed elementor-view-default elementor-widget elementor-widget-icon\" data-id=\"db496ed\" data-element_type=\"widget\" data-e-type=\"widget\" data-widget_type=\"icon.default\">\n\t\t\t\t<div class=\"elementor-widget-container\">\n\t\t\t\t\t\t\t<div class=\"elementor-icon-wrapper\">\n\t\t\t<div class=\"elementor-icon\">\n\t\t\t<i aria-hidden=\"true\" class=\"fas fa-link\"><\/i>\t\t\t<\/div>\n\t\t<\/div>\n\t\t\t\t\t\t<\/div>\n\t\t\t\t<\/div>\n\t\t\t\t\t<\/div>\n\t\t<\/div>\n\t\t\t\t\t<\/div>\n\t\t<\/section>\n\t\t\t\t<section class=\"elementor-section elementor-top-section elementor-element elementor-element-a533514 elementor-section-boxed elementor-section-height-default elementor-section-height-default\" data-id=\"a533514\" data-element_type=\"section\" data-e-type=\"section\">\n\t\t\t\t\t\t<div class=\"elementor-container elementor-column-gap-default\">\n\t\t\t\t\t<div class=\"elementor-column elementor-col-100 elementor-top-column elementor-element elementor-element-d83e954\" data-id=\"d83e954\" data-element_type=\"column\" data-e-type=\"column\">\n\t\t\t<div class=\"elementor-widget-wrap elementor-element-populated\">\n\t\t\t\t\t\t<div class=\"elementor-element elementor-element-2111d39 elementor-widget-mobile__width-inherit elementor-widget elementor-widget-heading\" data-id=\"2111d39\" data-element_type=\"widget\" data-e-type=\"widget\" data-widget_type=\"heading.default\">\n\t\t\t\t<div class=\"elementor-widget-container\">\n\t\t\t\t\t<h2 class=\"elementor-heading-title elementor-size-small\"><a href=\"https:\/\/www.komarch.sk\/\" target=\"_blank\">slovensk\u00e1 komora architektov \/www.komarch.sk\/<\/a><\/h2>\t\t\t\t<\/div>\n\t\t\t\t<\/div>\n\t\t\t\t<div class=\"elementor-element elementor-element-b02c7c8 elementor-widget elementor-widget-text-editor\" data-id=\"b02c7c8\" data-element_type=\"widget\" data-e-type=\"widget\" data-widget_type=\"text-editor.default\">\n\t\t\t\t<div class=\"elementor-widget-container\">\n\t\t\t\t\t\t\t\t\t<p>Komora je samospr\u00e1vnou stavovskou organiz\u00e1ciou s prenesen\u00fdm v\u00fdkonom \u0161t\u00e1tnej moci, ktor\u00e1 reguluje v\u00fdkon povolania architekt \/ architektka a podie\u013ea sa na ochrane verejn\u00fdch z\u00e1ujmov v oblasti architekt\u00fary a urbanizmu.<\/p>\t\t\t\t\t\t\t\t<\/div>\n\t\t\t\t<\/div>\n\t\t\t\t<div class=\"elementor-element elementor-element-5878d8b elementor-widget-divider--view-line elementor-widget elementor-widget-divider\" data-id=\"5878d8b\" data-element_type=\"widget\" data-e-type=\"widget\" data-widget_type=\"divider.default\">\n\t\t\t\t<div class=\"elementor-widget-container\">\n\t\t\t\t\t\t\t<div class=\"elementor-divider\">\n\t\t\t<span class=\"elementor-divider-separator\">\n\t\t\t\t\t\t<\/span>\n\t\t<\/div>\n\t\t\t\t\t\t<\/div>\n\t\t\t\t<\/div>\n\t\t\t\t<div class=\"elementor-element elementor-element-e64fb7d elementor-widget-mobile__width-inherit elementor-widget elementor-widget-heading\" data-id=\"e64fb7d\" data-element_type=\"widget\" data-e-type=\"widget\" data-widget_type=\"heading.default\">\n\t\t\t\t<div class=\"elementor-widget-container\">\n\t\t\t\t\t<h2 class=\"elementor-heading-title elementor-size-small\"><a href=\"https:\/\/archdata.sk\/standardy-test\/index.html\" target=\"_blank\">\u0161tandardy slu\u017eieb architekta\/www.archdata.sk\/<\/a><\/h2>\t\t\t\t<\/div>\n\t\t\t\t<\/div>\n\t\t\t\t<div class=\"elementor-element elementor-element-2e65bde elementor-widget elementor-widget-text-editor\" data-id=\"2e65bde\" data-element_type=\"widget\" data-e-type=\"widget\" data-widget_type=\"text-editor.default\">\n\t\t\t\t<div class=\"elementor-widget-container\">\n\t\t\t\t\t\t\t\t\t<p>Nov\u00e1 metodika, formou webovej aplik\u00e1cie, predstavuje potrebn\u00e9 zmeny v sp\u00f4sobe vykon\u00e1vania povolania architekta v procesoch pr\u00edpravy, zhotovovania, zmeny a u\u017e\u00edvania stavieb. Je v\u00fdsledkom viacro\u010dnej pr\u00e1ce a stavovskej diskusie a postihuje v\u0161etky oblasti pr\u00e1ce architekta. Prihl\u00e1sen\u00edm sa k eur\u00f3pskym \u0161tandardom v\u00fdkonu povolania sa Slovensk\u00e1 komora architektov usiluje o syst\u00e9mov\u00e9 zlep\u0161enie podmienok pr\u00e1ce pre svojich \u010dlenov.<\/p>\t\t\t\t\t\t\t\t<\/div>\n\t\t\t\t<\/div>\n\t\t\t\t<div class=\"elementor-element elementor-element-cd3de87 elementor-widget-divider--view-line elementor-widget elementor-widget-divider\" data-id=\"cd3de87\" data-element_type=\"widget\" data-e-type=\"widget\" data-widget_type=\"divider.default\">\n\t\t\t\t<div class=\"elementor-widget-container\">\n\t\t\t\t\t\t\t<div class=\"elementor-divider\">\n\t\t\t<span class=\"elementor-divider-separator\">\n\t\t\t\t\t\t<\/span>\n\t\t<\/div>\n\t\t\t\t\t\t<\/div>\n\t\t\t\t<\/div>\n\t\t\t\t<div class=\"elementor-element elementor-element-b368595 elementor-widget elementor-widget-heading\" data-id=\"b368595\" data-element_type=\"widget\" data-e-type=\"widget\" data-widget_type=\"heading.default\">\n\t\t\t\t<div class=\"elementor-widget-container\">\n\t\t\t\t\t<h2 class=\"elementor-heading-title elementor-size-default\"><a href=\"https:\/\/uupv.sk\/\" target=\"_blank\">\u00farad pre \u00fazemn\u00e9 pl\u00e1novanie \/www.uupv.sk\/<\/a><\/h2>\t\t\t\t<\/div>\n\t\t\t\t<\/div>\n\t\t\t\t<div class=\"elementor-element elementor-element-e057d94 elementor-widget elementor-widget-text-editor\" data-id=\"e057d94\" data-element_type=\"widget\" data-e-type=\"widget\" data-widget_type=\"text-editor.default\">\n\t\t\t\t<div class=\"elementor-widget-container\">\n\t\t\t\t\t\t\t\t\t<p>\u00darad pre \u00fazemn\u00e9 pl\u00e1novanie a v\u00fdstavbu Slovenskej republiky<\/p>\t\t\t\t\t\t\t\t<\/div>\n\t\t\t\t<\/div>\n\t\t\t\t<div class=\"elementor-element elementor-element-60cda6c elementor-widget-divider--view-line elementor-widget elementor-widget-divider\" data-id=\"60cda6c\" data-element_type=\"widget\" data-e-type=\"widget\" data-widget_type=\"divider.default\">\n\t\t\t\t<div class=\"elementor-widget-container\">\n\t\t\t\t\t\t\t<div class=\"elementor-divider\">\n\t\t\t<span class=\"elementor-divider-separator\">\n\t\t\t\t\t\t<\/span>\n\t\t<\/div>\n\t\t\t\t\t\t<\/div>\n\t\t\t\t<\/div>\n\t\t\t\t<div class=\"elementor-element elementor-element-fba3b13 elementor-widget elementor-widget-heading\" data-id=\"fba3b13\" data-element_type=\"widget\" data-e-type=\"widget\" data-widget_type=\"heading.default\">\n\t\t\t\t<div class=\"elementor-widget-container\">\n\t\t\t\t\t<h2 class=\"elementor-heading-title elementor-size-small\"><a href=\"https:\/\/vystavba.uupv.sk\/\" target=\"_blank\">port\u00e1l v\u00fdstavby<\/a><\/h2>\t\t\t\t<\/div>\n\t\t\t\t<\/div>\n\t\t\t\t<div class=\"elementor-element elementor-element-8c1635d elementor-widget elementor-widget-text-editor\" data-id=\"8c1635d\" data-element_type=\"widget\" data-e-type=\"widget\" data-widget_type=\"text-editor.default\">\n\t\t\t\t<div class=\"elementor-widget-container\">\n\t\t\t\t\t\t\t\t\t<p>Port\u00e1l v\u00fdstavby je platformou pre modern\u00e9 stavebn\u00e9 procesy na Slovensku. Je ur\u010den\u00fd pre v\u0161etk\u00fdch, ktor\u00ed sa pohybuj\u00fa v oblasti stavebn\u00edctva \u2013 od stavebn\u00edkov, projektantov, stavbyved\u00facich a stavebn\u00fdch \u00faradov a\u017e po dotknut\u00e9 org\u00e1ny a pr\u00e1vnick\u00e9 osoby. Syst\u00e9m poskytuje jednotn\u00fd digit\u00e1lny priestor, kde sa zhroma\u017e\u010fuj\u00fa v\u0161etky potrebn\u00e9 dokumenty, povolenia a podania v elektronickej forme. Z\u00e1rove\u0148 zabezpe\u010duje komunik\u00e1ciu medzi v\u0161etk\u00fdmi \u00fa\u010dastn\u00edkmi v\u00fdstavby.<\/p>\t\t\t\t\t\t\t\t<\/div>\n\t\t\t\t<\/div>\n\t\t\t\t<div class=\"elementor-element elementor-element-20c3342 elementor-widget-divider--view-line elementor-widget elementor-widget-divider\" data-id=\"20c3342\" data-element_type=\"widget\" data-e-type=\"widget\" data-widget_type=\"divider.default\">\n\t\t\t\t<div class=\"elementor-widget-container\">\n\t\t\t\t\t\t\t<div class=\"elementor-divider\">\n\t\t\t<span class=\"elementor-divider-separator\">\n\t\t\t\t\t\t<\/span>\n\t\t<\/div>\n\t\t\t\t\t\t<\/div>\n\t\t\t\t<\/div>\n\t\t\t\t<div class=\"elementor-element elementor-element-06f83df elementor-widget elementor-widget-heading\" data-id=\"06f83df\" data-element_type=\"widget\" data-e-type=\"widget\" data-widget_type=\"heading.default\">\n\t\t\t\t<div class=\"elementor-widget-container\">\n\t\t\t\t\t<h2 class=\"elementor-heading-title elementor-size-small\"><a href=\"https:\/\/zbgis.skgeodesy.sk\/\" target=\"_blank\">mapov\u00fd klient ZBGIS \/www.zbgis.sk\/<\/a><\/h2>\t\t\t\t<\/div>\n\t\t\t\t<\/div>\n\t\t\t\t<div class=\"elementor-element elementor-element-5d7840a elementor-widget elementor-widget-text-editor\" data-id=\"5d7840a\" data-element_type=\"widget\" data-e-type=\"widget\" data-widget_type=\"text-editor.default\">\n\t\t\t\t<div class=\"elementor-widget-container\">\n\t\t\t\t\t\t\t\t\tMapov\u00fd klient ZBGIS je webov\u00e1 mapov\u00e1 aplik\u00e1cia, ktor\u00e1 sl\u00fa\u017ei na\u00a0interakt\u00edvnu pr\u00e1cu s\u00a0\u00fadajmi ZBGIS, digit\u00e1lnymi \u00fadajmi katastra nehnute\u013enost\u00ed, registra adries, referen\u010dn\u00fdmi geodetick\u00fdmi bodmi, rastrov\u00fdmi mapami z\u00a0arch\u00edvu ako aj s\u00a0digit\u00e1lnym modelom reli\u00e9fu (ter\u00e9nu), ortofotosn\u00edmkami a\u00a0geografick\u00fdmi n\u00e1zvami. Je to komplexn\u00fd n\u00e1stroj pre\u00a0zobrazovanie, vyh\u013ead\u00e1vanie a\u00a0anal\u00fdzu priestorov\u00fdch \u00fadajov a\u00a0mapov\u00fdch slu\u017eieb ZBGIS a\u00a0ESKN\t\t\t\t\t\t\t\t<\/div>\n\t\t\t\t<\/div>\n\t\t\t\t<div class=\"elementor-element elementor-element-49050d5 elementor-widget-divider--view-line elementor-widget elementor-widget-divider\" data-id=\"49050d5\" data-element_type=\"widget\" data-e-type=\"widget\" data-widget_type=\"divider.default\">\n\t\t\t\t<div class=\"elementor-widget-container\">\n\t\t\t\t\t\t\t<div class=\"elementor-divider\">\n\t\t\t<span class=\"elementor-divider-separator\">\n\t\t\t\t\t\t<\/span>\n\t\t<\/div>\n\t\t\t\t\t\t<\/div>\n\t\t\t\t<\/div>\n\t\t\t\t<div class=\"elementor-element elementor-element-64a5ba2 elementor-widget elementor-widget-heading\" data-id=\"64a5ba2\" data-element_type=\"widget\" data-e-type=\"widget\" data-widget_type=\"heading.default\">\n\t\t\t\t<div class=\"elementor-widget-container\">\n\t\t\t\t\t<h2 class=\"elementor-heading-title elementor-size-default\"><a href=\"https:\/\/mapsfy.com\/app\" target=\"_blank\">mapov\u00fd port\u00e1l \/www.mapsfy.com\/<\/a><\/h2>\t\t\t\t<\/div>\n\t\t\t\t<\/div>\n\t\t\t\t<div class=\"elementor-element elementor-element-f0bb41e elementor-widget elementor-widget-text-editor\" data-id=\"f0bb41e\" data-element_type=\"widget\" data-e-type=\"widget\" data-widget_type=\"text-editor.default\">\n\t\t\t\t<div class=\"elementor-widget-container\">\n\t\t\t\t\t\t\t\t\t<p>Z\u00e1kladn\u00e9 funkcie pre pr\u00e1cu s mapou ak\u00fdmi s\u00fa kreslenie, vytv\u00e1ranie, zdie\u013eanie a publikovanie vlastn\u00fdch vrstiev, meranie vzdialenosti a rozlohy, lokaliz\u00e1cia, navig\u00e1cia, trasovanie, vyh\u013ead\u00e1vanie bodov z\u00e1ujmu, \u010di tla\u010d mapy, m\u00f4\u017ee vyu\u017e\u00edva\u0165 ka\u017ed\u00fd n\u00e1v\u0161tevn\u00edk str\u00e1nky. K dispoz\u00edcii je navy\u0161e nieko\u013eko podkladov\u00fdch m\u00e1p, hranice katastr\u00e1lnych \u00fazem\u00ed, cestn\u00e1 databanka, lok\u00e1lna predpove\u010f po\u010dasia, ortofotomapy, integr\u00e1cia s odkazprestarostu.sk a v neposlednom rade aj inform\u00e1cie o parcel\u00e1ch z katastra nehnute\u013enost\u00ed SR.<\/p>\t\t\t\t\t\t\t\t<\/div>\n\t\t\t\t<\/div>\n\t\t\t\t<div class=\"elementor-element elementor-element-01951a5 elementor-widget-divider--view-line elementor-widget elementor-widget-divider\" data-id=\"01951a5\" data-element_type=\"widget\" data-e-type=\"widget\" data-widget_type=\"divider.default\">\n\t\t\t\t<div class=\"elementor-widget-container\">\n\t\t\t\t\t\t\t<div class=\"elementor-divider\">\n\t\t\t<span class=\"elementor-divider-separator\">\n\t\t\t\t\t\t<\/span>\n\t\t<\/div>\n\t\t\t\t\t\t<\/div>\n\t\t\t\t<\/div>\n\t\t\t\t<div class=\"elementor-element elementor-element-4404d8c elementor-widget elementor-widget-heading\" data-id=\"4404d8c\" data-element_type=\"widget\" data-e-type=\"widget\" data-widget_type=\"heading.default\">\n\t\t\t\t<div class=\"elementor-widget-container\">\n\t\t\t\t\t<h2 class=\"elementor-heading-title elementor-size-default\"><a href=\"http:\/\/www.institutfinancnejpolitiky.sk\/kalkulacky\/nehnutelnosti\/\" target=\"_blank\">kalkula\u010dka hodnoty bytov<\/a><\/h2>\t\t\t\t<\/div>\n\t\t\t\t<\/div>\n\t\t\t\t<div class=\"elementor-element elementor-element-81410fd elementor-widget elementor-widget-text-editor\" data-id=\"81410fd\" data-element_type=\"widget\" data-e-type=\"widget\" data-widget_type=\"text-editor.default\">\n\t\t\t\t<div class=\"elementor-widget-container\">\n\t\t\t\t\t\t\t\t\t<div class=\"sm-text-wrapper\"><div class=\"sm-text BJxSLNkfZ\"><p>Po vyplnen\u00ed vstupn\u00fdch charakterist\u00edk odhadne pribli\u017en\u00fa hodnotu bytu. Odhady vych\u00e1dzaj\u00fa z regresnej rovnice, ktor\u00e1 je zalo\u017een\u00e1 na skuto\u010dn\u00fdch inzerovan\u00fdch ponukov\u00fdch cen\u00e1ch bytov za obdobie rokov 2011 a 2012. Vstupn\u00e9 charakteristiky definuj\u00fa z\u00e1kladn\u00e9 vlastnosti bytu, jeho lokality a ekonomickej situ\u00e1cie v lokalite. Vypo\u010d\u00edtan\u00e1 hodnota je orienta\u010dn\u00e1. Pri jej interpret\u00e1cii treba bra\u0165 do \u00favahy, \u017ee model nezoh\u013ead\u0148uje v\u00fdvoj na realitnom trhu za roky 2013 a\u017e 2015, neobsahuje v\u0161etky charakteristiky vpl\u00fdvaj\u00face na cenu bytu a s v\u00fdnimkou Bratislavy a Ko\u0161\u00edc odhaduje priemern\u00fa hodnotu za m2 na \u00farovni cel\u00e9ho mesta alebo obce.<\/p><\/div><\/div>\t\t\t\t\t\t\t\t<\/div>\n\t\t\t\t<\/div>\n\t\t\t\t<div class=\"elementor-element elementor-element-c648f16 elementor-widget-divider--view-line elementor-widget elementor-widget-divider\" data-id=\"c648f16\" data-element_type=\"widget\" data-e-type=\"widget\" data-widget_type=\"divider.default\">\n\t\t\t\t<div class=\"elementor-widget-container\">\n\t\t\t\t\t\t\t<div class=\"elementor-divider\">\n\t\t\t<span class=\"elementor-divider-separator\">\n\t\t\t\t\t\t<\/span>\n\t\t<\/div>\n\t\t\t\t\t\t<\/div>\n\t\t\t\t<\/div>\n\t\t\t\t<div class=\"elementor-element elementor-element-50cc48b elementor-widget elementor-widget-heading\" data-id=\"50cc48b\" data-element_type=\"widget\" data-e-type=\"widget\" data-widget_type=\"heading.default\">\n\t\t\t\t<div class=\"elementor-widget-container\">\n\t\t\t\t\t<h2 class=\"elementor-heading-title elementor-size-default\"><a href=\"https:\/\/www.akebyty.sk\/\" target=\"_blank\">unik\u00e1tna encyklop\u00e9dia slovensk\u00fdch panel\u00e1kov<\/a><\/h2>\t\t\t\t<\/div>\n\t\t\t\t<\/div>\n\t\t\t\t<div class=\"elementor-element elementor-element-75430a2 elementor-widget elementor-widget-text-editor\" data-id=\"75430a2\" data-element_type=\"widget\" data-e-type=\"widget\" data-widget_type=\"text-editor.default\">\n\t\t\t\t<div class=\"elementor-widget-container\">\n\t\t\t\t\t\t\t\t\t<p>Podrobn\u00e9 inform\u00e1cie, p\u00f4dorysy bytov a fotografie. Presn\u00e1 lokaliz\u00e1cia panel\u00e1kov a typov bytov, ktor\u00e9 sa v nich nach\u00e1dzaj\u00fa.<\/p>\t\t\t\t\t\t\t\t<\/div>\n\t\t\t\t<\/div>\n\t\t\t\t<div class=\"elementor-element elementor-element-03417ba elementor-widget-divider--view-line elementor-widget elementor-widget-divider\" data-id=\"03417ba\" data-element_type=\"widget\" data-e-type=\"widget\" data-widget_type=\"divider.default\">\n\t\t\t\t<div class=\"elementor-widget-container\">\n\t\t\t\t\t\t\t<div class=\"elementor-divider\">\n\t\t\t<span class=\"elementor-divider-separator\">\n\t\t\t\t\t\t<\/span>\n\t\t<\/div>\n\t\t\t\t\t\t<\/div>\n\t\t\t\t<\/div>\n\t\t\t\t<div class=\"elementor-element elementor-element-d8bc22f elementor-widget elementor-widget-heading\" data-id=\"d8bc22f\" data-element_type=\"widget\" data-e-type=\"widget\" data-widget_type=\"heading.default\">\n\t\t\t\t<div class=\"elementor-widget-container\">\n\t\t\t\t\t<h2 class=\"elementor-heading-title elementor-size-default\"><a href=\"https:\/\/iepd.sk\/\" target=\"_blank\">iEPD - in\u0161tit\u00fat pre pas\u00edvne domy<\/a><\/h2>\t\t\t\t<\/div>\n\t\t\t\t<\/div>\n\t\t\t\t<div class=\"elementor-element elementor-element-940ca4f elementor-widget elementor-widget-text-editor\" data-id=\"940ca4f\" data-element_type=\"widget\" data-e-type=\"widget\" data-widget_type=\"text-editor.default\">\n\t\t\t\t<div class=\"elementor-widget-container\">\n\t\t\t\t\t\t\t\t\t<p>In\u0161tit\u00fat pre pas\u00edvne domy (iEPD) je zdru\u017eenie fyzick\u00fdch a pr\u00e1vnick\u00fdch os\u00f4b zalo\u017een\u00e9 v roku 2005. Jeho cie\u013eom je podporova\u0165 rozvoj udr\u017eate\u013enej architekt\u00fary, uplat\u0148ovanie princ\u00edpov pas\u00edvnych domov .<\/p>\t\t\t\t\t\t\t\t<\/div>\n\t\t\t\t<\/div>\n\t\t\t\t\t<\/div>\n\t\t<\/div>\n\t\t\t\t\t<\/div>\n\t\t<\/section>\n\t\t\t\t<\/div>\n\t\t","protected":false},"excerpt":{"rendered":"<p>U\u017eito\u010dn\u00e9 linky slovensk\u00e1 komora architektov \/www.komarch.sk\/ Komora je samospr\u00e1vnou stavovskou organiz\u00e1ciou s prenesen\u00fdm v\u00fdkonom \u0161t\u00e1tnej moci, ktor\u00e1 reguluje v\u00fdkon povolania architekt \/ architektka a podie\u013ea sa na ochrane verejn\u00fdch z\u00e1ujmov v oblasti architekt\u00fary a urbanizmu. \u0161tandardy slu\u017eieb architekta\/www.archdata.sk\/ Nov\u00e1 metodika, formou webovej aplik\u00e1cie, predstavuje potrebn\u00e9 zmeny v sp\u00f4sobe vykon\u00e1vania povolania architekta v procesoch pr\u00edpravy, zhotovovania, [&hellip;]<\/p>\n","protected":false},"author":1,"featured_media":0,"parent":0,"menu_order":0,"comment_status":"closed","ping_status":"closed","template":"elementor_header_footer","meta":{"_monsterinsights_skip_tracking":false,"_monsterinsights_sitenote_active":false,"_monsterinsights_sitenote_note":"","_monsterinsights_sitenote_category":0,"footnotes":""},"class_list":["post-47","page","type-page","status-publish","hentry"],"yoast_head":"<!-- This site is optimized with the Yoast SEO Premium plugin v19.5 (Yoast SEO v27.5) - https:\/\/yoast.com\/product\/yoast-seo-premium-wordpress\/ -->\n<title>Linky - Ing.arch. Miroslav Novotn\u00fd<\/title>\n<meta name=\"description\" content=\"Architekt \u017eij\u00faci v Stupave. P\u00f4sobiaci v Bratislave a \u0161ir\u0161om okol\u00ed.\" \/>\n<meta name=\"robots\" content=\"index, follow, max-snippet:-1, max-image-preview:large, max-video-preview:-1\" \/>\n<link rel=\"canonical\" href=\"https:\/\/www.miroslavnovotny.sk\/?page_id=47\" \/>\n<meta property=\"og:locale\" content=\"en_US\" \/>\n<meta property=\"og:type\" content=\"article\" \/>\n<meta property=\"og:title\" content=\"Linky\" \/>\n<meta property=\"og:description\" content=\"Architekt \u017eij\u00faci v Stupave. P\u00f4sobiaci v Bratislave a \u0161ir\u0161om okol\u00ed.\" \/>\n<meta property=\"og:url\" content=\"https:\/\/www.miroslavnovotny.sk\/?page_id=47\" \/>\n<meta property=\"og:site_name\" content=\"Ing.arch. Miroslav Novotn\u00fd\" \/>\n<meta property=\"article:publisher\" content=\"https:\/\/www.facebook.com\/miroslavnovotnyarchitekt\/\" \/>\n<meta property=\"article:modified_time\" content=\"2025-07-28T11:25:51+00:00\" \/>\n<meta name=\"twitter:card\" content=\"summary_large_image\" \/>\n<meta name=\"twitter:label1\" content=\"Est. reading time\" \/>\n\t<meta name=\"twitter:data1\" content=\"2 minutes\" \/>\n<script type=\"application\/ld+json\" class=\"yoast-schema-graph\">{\"@context\":\"https:\\\/\\\/schema.org\",\"@graph\":[{\"@type\":\"WebPage\",\"@id\":\"https:\\\/\\\/www.miroslavnovotny.sk\\\/?page_id=47\",\"url\":\"https:\\\/\\\/www.miroslavnovotny.sk\\\/?page_id=47\",\"name\":\"Linky - Ing.arch. Miroslav Novotn\u00fd\",\"isPartOf\":{\"@id\":\"https:\\\/\\\/www.miroslavnovotny.sk\\\/#website\"},\"datePublished\":\"2022-08-26T10:29:08+00:00\",\"dateModified\":\"2025-07-28T11:25:51+00:00\",\"description\":\"Architekt \u017eij\u00faci v Stupave. P\u00f4sobiaci v Bratislave a \u0161ir\u0161om okol\u00ed.\",\"breadcrumb\":{\"@id\":\"https:\\\/\\\/www.miroslavnovotny.sk\\\/?page_id=47#breadcrumb\"},\"inLanguage\":\"en-US\",\"potentialAction\":[{\"@type\":\"ReadAction\",\"target\":[\"https:\\\/\\\/www.miroslavnovotny.sk\\\/?page_id=47\"]}]},{\"@type\":\"BreadcrumbList\",\"@id\":\"https:\\\/\\\/www.miroslavnovotny.sk\\\/?page_id=47#breadcrumb\",\"itemListElement\":[{\"@type\":\"ListItem\",\"position\":1,\"name\":\"Home\",\"item\":\"https:\\\/\\\/www.miroslavnovotny.sk\\\/\"},{\"@type\":\"ListItem\",\"position\":2,\"name\":\"Linky\"}]},{\"@type\":\"WebSite\",\"@id\":\"https:\\\/\\\/www.miroslavnovotny.sk\\\/#website\",\"url\":\"https:\\\/\\\/www.miroslavnovotny.sk\\\/\",\"name\":\"Ing.arch. Miroslav Novotn\u00fd\",\"description\":\"architekt\",\"publisher\":{\"@id\":\"https:\\\/\\\/www.miroslavnovotny.sk\\\/#organization\"},\"alternateName\":\"MN\",\"potentialAction\":[{\"@type\":\"SearchAction\",\"target\":{\"@type\":\"EntryPoint\",\"urlTemplate\":\"https:\\\/\\\/www.miroslavnovotny.sk\\\/?s={search_term_string}\"},\"query-input\":{\"@type\":\"PropertyValueSpecification\",\"valueRequired\":true,\"valueName\":\"search_term_string\"}}],\"inLanguage\":\"en-US\"},{\"@type\":\"Organization\",\"@id\":\"https:\\\/\\\/www.miroslavnovotny.sk\\\/#organization\",\"name\":\"Ing.arch. Miroslav Novotn\u00fd\",\"alternateName\":\"MN\",\"url\":\"https:\\\/\\\/www.miroslavnovotny.sk\\\/\",\"logo\":{\"@type\":\"ImageObject\",\"inLanguage\":\"en-US\",\"@id\":\"https:\\\/\\\/www.miroslavnovotny.sk\\\/#\\\/schema\\\/logo\\\/image\\\/\",\"url\":\"https:\\\/\\\/www.miroslavnovotny.sk\\\/wp-content\\\/uploads\\\/2022\\\/10\\\/LOGO.jpg\",\"contentUrl\":\"https:\\\/\\\/www.miroslavnovotny.sk\\\/wp-content\\\/uploads\\\/2022\\\/10\\\/LOGO.jpg\",\"width\":71,\"height\":99,\"caption\":\"Ing.arch. Miroslav Novotn\u00fd\"},\"image\":{\"@id\":\"https:\\\/\\\/www.miroslavnovotny.sk\\\/#\\\/schema\\\/logo\\\/image\\\/\"},\"sameAs\":[\"https:\\\/\\\/www.facebook.com\\\/miroslavnovotnyarchitekt\\\/\"]}]}<\/script>\n<!-- \/ Yoast SEO Premium plugin. -->","yoast_head_json":{"title":"Linky - Ing.arch. Miroslav Novotn\u00fd","description":"Architekt \u017eij\u00faci v Stupave. P\u00f4sobiaci v Bratislave a \u0161ir\u0161om okol\u00ed.","robots":{"index":"index","follow":"follow","max-snippet":"max-snippet:-1","max-image-preview":"max-image-preview:large","max-video-preview":"max-video-preview:-1"},"canonical":"https:\/\/www.miroslavnovotny.sk\/?page_id=47","og_locale":"en_US","og_type":"article","og_title":"Linky","og_description":"Architekt \u017eij\u00faci v Stupave. P\u00f4sobiaci v Bratislave a \u0161ir\u0161om okol\u00ed.","og_url":"https:\/\/www.miroslavnovotny.sk\/?page_id=47","og_site_name":"Ing.arch. Miroslav Novotn\u00fd","article_publisher":"https:\/\/www.facebook.com\/miroslavnovotnyarchitekt\/","article_modified_time":"2025-07-28T11:25:51+00:00","twitter_card":"summary_large_image","twitter_misc":{"Est. reading time":"2 minutes"},"schema":{"@context":"https:\/\/schema.org","@graph":[{"@type":"WebPage","@id":"https:\/\/www.miroslavnovotny.sk\/?page_id=47","url":"https:\/\/www.miroslavnovotny.sk\/?page_id=47","name":"Linky - Ing.arch. Miroslav Novotn\u00fd","isPartOf":{"@id":"https:\/\/www.miroslavnovotny.sk\/#website"},"datePublished":"2022-08-26T10:29:08+00:00","dateModified":"2025-07-28T11:25:51+00:00","description":"Architekt \u017eij\u00faci v Stupave. P\u00f4sobiaci v Bratislave a \u0161ir\u0161om okol\u00ed.","breadcrumb":{"@id":"https:\/\/www.miroslavnovotny.sk\/?page_id=47#breadcrumb"},"inLanguage":"en-US","potentialAction":[{"@type":"ReadAction","target":["https:\/\/www.miroslavnovotny.sk\/?page_id=47"]}]},{"@type":"BreadcrumbList","@id":"https:\/\/www.miroslavnovotny.sk\/?page_id=47#breadcrumb","itemListElement":[{"@type":"ListItem","position":1,"name":"Home","item":"https:\/\/www.miroslavnovotny.sk\/"},{"@type":"ListItem","position":2,"name":"Linky"}]},{"@type":"WebSite","@id":"https:\/\/www.miroslavnovotny.sk\/#website","url":"https:\/\/www.miroslavnovotny.sk\/","name":"Ing.arch. Miroslav Novotn\u00fd","description":"architekt","publisher":{"@id":"https:\/\/www.miroslavnovotny.sk\/#organization"},"alternateName":"MN","potentialAction":[{"@type":"SearchAction","target":{"@type":"EntryPoint","urlTemplate":"https:\/\/www.miroslavnovotny.sk\/?s={search_term_string}"},"query-input":{"@type":"PropertyValueSpecification","valueRequired":true,"valueName":"search_term_string"}}],"inLanguage":"en-US"},{"@type":"Organization","@id":"https:\/\/www.miroslavnovotny.sk\/#organization","name":"Ing.arch. Miroslav Novotn\u00fd","alternateName":"MN","url":"https:\/\/www.miroslavnovotny.sk\/","logo":{"@type":"ImageObject","inLanguage":"en-US","@id":"https:\/\/www.miroslavnovotny.sk\/#\/schema\/logo\/image\/","url":"https:\/\/www.miroslavnovotny.sk\/wp-content\/uploads\/2022\/10\/LOGO.jpg","contentUrl":"https:\/\/www.miroslavnovotny.sk\/wp-content\/uploads\/2022\/10\/LOGO.jpg","width":71,"height":99,"caption":"Ing.arch. Miroslav Novotn\u00fd"},"image":{"@id":"https:\/\/www.miroslavnovotny.sk\/#\/schema\/logo\/image\/"},"sameAs":["https:\/\/www.facebook.com\/miroslavnovotnyarchitekt\/"]}]}},"_links":{"self":[{"href":"https:\/\/www.miroslavnovotny.sk\/index.php?rest_route=\/wp\/v2\/pages\/47","targetHints":{"allow":["GET"]}}],"collection":[{"href":"https:\/\/www.miroslavnovotny.sk\/index.php?rest_route=\/wp\/v2\/pages"}],"about":[{"href":"https:\/\/www.miroslavnovotny.sk\/index.php?rest_route=\/wp\/v2\/types\/page"}],"author":[{"embeddable":true,"href":"https:\/\/www.miroslavnovotny.sk\/index.php?rest_route=\/wp\/v2\/users\/1"}],"replies":[{"embeddable":true,"href":"https:\/\/www.miroslavnovotny.sk\/index.php?rest_route=%2Fwp%2Fv2%2Fcomments&post=47"}],"version-history":[{"count":6,"href":"https:\/\/www.miroslavnovotny.sk\/index.php?rest_route=\/wp\/v2\/pages\/47\/revisions"}],"predecessor-version":[{"id":1679,"href":"https:\/\/www.miroslavnovotny.sk\/index.php?rest_route=\/wp\/v2\/pages\/47\/revisions\/1679"}],"wp:attachment":[{"href":"https:\/\/www.miroslavnovotny.sk\/index.php?rest_route=%2Fwp%2Fv2%2Fmedia&parent=47"}],"curies":[{"name":"wp","href":"https:\/\/api.w.org\/{rel}","templated":true}]}}