{"id":1427,"date":"2025-06-11T18:15:41","date_gmt":"2025-06-11T18:15:41","guid":{"rendered":"https:\/\/www.miroslavnovotny.sk\/?page_id=1427"},"modified":"2025-07-28T12:06:15","modified_gmt":"2025-07-28T12:06:15","slug":"staviam-bez-povoleni","status":"publish","type":"page","link":"https:\/\/www.miroslavnovotny.sk\/?page_id=1427","title":{"rendered":"Staviam bez povolen\u00ed"},"content":{"rendered":"\t\t<div data-elementor-type=\"wp-page\" data-elementor-id=\"1427\" class=\"elementor elementor-1427\" data-elementor-post-type=\"page\">\n\t\t\t\t\t\t<section class=\"elementor-section elementor-top-section elementor-element elementor-element-cd3de10 elementor-section-boxed elementor-section-height-default elementor-section-height-default\" data-id=\"cd3de10\" data-element_type=\"section\" data-e-type=\"section\">\n\t\t\t\t\t\t<div class=\"elementor-container elementor-column-gap-default\">\n\t\t\t\t\t<div class=\"elementor-column elementor-col-100 elementor-top-column elementor-element elementor-element-5b69dcc\" data-id=\"5b69dcc\" data-element_type=\"column\" data-e-type=\"column\">\n\t\t\t<div class=\"elementor-widget-wrap elementor-element-populated\">\n\t\t\t\t\t\t\t<\/div>\n\t\t<\/div>\n\t\t\t\t\t<\/div>\n\t\t<\/section>\n\t\t\t\t<section class=\"elementor-section elementor-top-section elementor-element elementor-element-87ada99 elementor-section-boxed elementor-section-height-default elementor-section-height-default\" data-id=\"87ada99\" data-element_type=\"section\" data-e-type=\"section\">\n\t\t\t\t\t\t<div class=\"elementor-container elementor-column-gap-default\">\n\t\t\t\t\t<div class=\"elementor-column elementor-col-100 elementor-top-column elementor-element elementor-element-34892b2\" data-id=\"34892b2\" data-element_type=\"column\" data-e-type=\"column\">\n\t\t\t<div class=\"elementor-widget-wrap elementor-element-populated\">\n\t\t\t\t\t\t<div class=\"elementor-element elementor-element-4402333 elementor-widget elementor-widget-text-editor\" data-id=\"4402333\" data-element_type=\"widget\" data-e-type=\"widget\" data-widget_type=\"text-editor.default\">\n\t\t\t\t<div class=\"elementor-widget-container\">\n\t\t\t\t\t\t\t\t\t<p><b>V t\u00fdchto pr\u00edpadoch nemus\u00edte nikde ni\u010d hl\u00e1si\u0165 a m\u00f4\u017eete za\u010da\u0165 rovno s pr\u00e1cami<\/b><\/p>\t\t\t\t\t\t\t\t<\/div>\n\t\t\t\t<\/div>\n\t\t\t\t<div class=\"elementor-element elementor-element-cc26151 elementor-widget elementor-widget-text-editor\" data-id=\"cc26151\" data-element_type=\"widget\" data-e-type=\"widget\" data-widget_type=\"text-editor.default\">\n\t\t\t\t<div class=\"elementor-widget-container\">\n\t\t\t\t\t\t\t\t\t<p><b>Z\u00e1kon 25\/2025<\/b><\/p><p><b>\u00a718<\/b><\/p><p>(5) Rozhodnutie o stavebnom z\u00e1mere ani ohl\u00e1senie sa nevy\u017eaduje na<\/p><ol type=\"a\"><li style=\"list-style-type: none;\"><ol type=\"a\"><li>stavebn\u00e9 pr\u00e1ce na \u00fadr\u017ebu stavby, ktor\u00fdmi s\u00fa<br \/><br \/><ol><li style=\"list-style-type: none;\"><ol><li>oprava fas\u00e1dy, oprava a v\u00fdmena stre\u0161nej krytiny alebo povrchu ploch\u00fdch striech, v\u00fdmena odkvapov\u00fdch \u017e\u013eabov a odtokov\u00fdch zvodov, klampiarskych, kov\u00e1\u010dskych, tes\u00e1rskych stre\u0161n\u00fdch v\u00fdrobkov, v\u00fdmena v\u00fdpl\u0148ov\u00fdch kon\u0161trukci\u00ed otvorov, oprava oplotenia a v\u00fdmena jeho \u010dast\u00ed, ak sa t\u00fdm nemen\u00ed jeho trasa a ve\u013ekos\u0165,<\/li><li>oprava a v\u00fdmena nepodstatn\u00fdch stavebn\u00fdch kon\u0161trukci\u00ed, najm\u00e4 vn\u00fatorn\u00fdch prie\u010dok, omietok, obkladov stien, podl\u00e1h a dla\u017eieb, podh\u013eadov, dver\u00ed, stre\u0161n\u00fdch skladac\u00edch schodov a schodi\u0161\u0165ov\u00fdch z\u00e1bradl\u00ed, mre\u017e\u00ed, oken\u00edc, roliet, \u017eal\u00fazi\u00ed, tieniacich cl\u00f4n, vlajkov\u00fdch sto\u017eiarov, \u00fachytov a ty\u010d\u00ed, mark\u00edz, prekryt\u00ed vstupov,<\/li><li>oprava a v\u00fdmena elektrick\u00fdch veden\u00ed a elektroenergetick\u00fdch zariaden\u00ed, veden\u00ed elektronick\u00fdch komunika\u010dn\u00fdch siet\u00ed, bleskozvodov a uzem\u0148ovac\u00edch s\u00fastav, ak sa t\u00fdm nemen\u00ed ich trasa a ochrann\u00e9 p\u00e1smo,<\/li><li>oprava veden\u00ed plyn\u00e1renskej siete, verejn\u00e9ho vodovodu a verejnej kanaliz\u00e1cie, ak sa t\u00fdm nemen\u00ed trasa a ochrann\u00e9 p\u00e1smo,<\/li><li>oprava a \u00fadr\u017eba elektrick\u00fdch a osvet\u013eovac\u00edch rozvodov, slabopr\u00fadov\u00fdch rozvodov, technick\u00e9ho, energetick\u00e9ho alebo technologick\u00e9ho vybavenia stavby, ako aj v\u00fdmena ich s\u00fa\u010dast\u00ed, ak sa t\u00fdm nemen\u00ed pripojenie stavby na siete technick\u00e9ho vybavenia \u00fazemia ani sa t\u00fdm nezhor\u0161\u00ed vplyv stavby na okolie alebo na \u017eivotn\u00e9 prostredie,<\/li><li>oprava a v\u00fdmena technick\u00fdch syst\u00e9mov budov a ich s\u00fa\u010dast\u00ed, centr\u00e1lnych vys\u00e1va\u010dov, drvi\u010dov odpadov a ich rozvodov,<\/li><li>maliarske, natiera\u010dsk\u00e9, tapet\u00e1rske, \u0161tukat\u00e9rske pr\u00e1ce a v\u00fdtvarn\u00e1 v\u00fdzdoba a doplnky interi\u00e9ru,<\/li><\/ol><\/li><\/ol><p>\u00a0<\/p><\/li><\/ol><\/li><\/ol><ol type=\"a\"><li>v\u00fdmenu zabudovan\u00fdch zaria\u010fovac\u00edch predmetov, najm\u00e4 kuchynsk\u00fdch liniek, drezov, van\u00ed, um\u00fdvadiel, sp\u0155ch, v\u00fdleviek, WC, piso\u00e1rov a ich rozvodov, vstavan\u00fdch skr\u00ed\u0148, obkladov stien a in\u00e9ho vstavan\u00e9ho n\u00e1bytku a interi\u00e9rov\u00e9ho zariadenia,<\/li><li>kr\u00e1tkodob\u00e9 prenosn\u00e9 zariadenia, ktor\u00fdmi s\u00fa predajn\u00e9 st\u00e1nky, kon\u0161trukcie a zariadenia na sl\u00e1vnostn\u00fa v\u00fdzdobu a osvetlenie budov,<\/li><li>sc\u00e9nick\u00e9 stavby,<\/li><li>zariadenia geodetick\u00fdch bodov,<\/li><li>kon\u0161trukcie chme\u013en\u00edc a vinohradov,<\/li><li>rozvody elektronick\u00fdch komunika\u010dn\u00fdch siet\u00ed a zvody ant\u00e9n, ktor\u00e9 s\u00fa umiest\u0148ovan\u00e9 v uzavret\u00fdch priestoroch stavieb,<\/li><li>informa\u010dn\u00e9 kon\u0161trukcie, na ktor\u00fdch m\u00e1 najv\u00e4\u010d\u0161ia informa\u010dn\u00e1 plocha ve\u013ekos\u0165 do 1,2 m<sup>2<\/sup>, umiestnen\u00e9 na st\u013ape verejn\u00e9ho osvetlenia alebo na st\u013ape trak\u010dn\u00e9ho vedenia, ak nezasahuj\u00fa do prejazdn\u00e9ho profilu pozemnej komunik\u00e1cie ani do priechodov\u00e9ho prierezu dr\u00e1hy,<\/li><li>zariadenie na v\u00fdrobu elektriny, tepla a chladu z obnovite\u013en\u00fdch zdrojov s celkov\u00fdm in\u0161talovan\u00fdm v\u00fdkonom do 50 kW vr\u00e1tane,<\/li><li>nadzemn\u00e9 telekomunika\u010dn\u00e9 pr\u00edpojky,<\/li><li>stavebn\u00e9 \u00fapravy a drobn\u00e9 stavby neuveden\u00e9 v odseku 3.<\/li><\/ol>\t\t\t\t\t\t\t\t<\/div>\n\t\t\t\t<\/div>\n\t\t\t\t<div class=\"elementor-element elementor-element-75d7be7 elementor-widget-divider--separator-type-pattern elementor-widget-divider--view-line elementor-widget elementor-widget-divider\" data-id=\"75d7be7\" data-element_type=\"widget\" data-e-type=\"widget\" data-widget_type=\"divider.default\">\n\t\t\t\t<div class=\"elementor-widget-container\">\n\t\t\t\t\t\t\t<div class=\"elementor-divider\" style=\"--divider-pattern-url: url(&quot;data:image\/svg+xml,%3Csvg xmlns=&#039;http:\/\/www.w3.org\/2000\/svg&#039; preserveAspectRatio=&#039;none&#039; overflow=&#039;visible&#039; height=&#039;100%&#039; viewBox=&#039;0 0 24 24&#039; fill=&#039;none&#039; stroke=&#039;black&#039; stroke-width=&#039;1&#039; stroke-linecap=&#039;square&#039; stroke-miterlimit=&#039;10&#039;%3E%3Cpolyline points=&#039;0,18 12,6 24,18 &#039;\/%3E%3C\/svg%3E&quot;);\">\n\t\t\t<span class=\"elementor-divider-separator\">\n\t\t\t\t\t\t<\/span>\n\t\t<\/div>\n\t\t\t\t\t\t<\/div>\n\t\t\t\t<\/div>\n\t\t\t\t<div class=\"elementor-element elementor-element-ccb917b elementor-widget elementor-widget-text-editor\" data-id=\"ccb917b\" data-element_type=\"widget\" data-e-type=\"widget\" data-widget_type=\"text-editor.default\">\n\t\t\t\t<div class=\"elementor-widget-container\">\n\t\t\t\t\t\t\t\t\t<p>podrobnej\u0161ie vi\u010f&nbsp;<a href=\"https:\/\/www.slov-lex.sk\/ezbierky\/pravne-predpisy\/SK\/ZZ\/2025\/25\/20250417\" target=\"_blank\" style=\"font-size: 19.36px; background-color: rgb(255, 255, 255);\">Stavebn\u00fd z\u00e1kon 25\/2025 Z.z.<\/a><\/p>\t\t\t\t\t\t\t\t<\/div>\n\t\t\t\t<\/div>\n\t\t\t\t\t<\/div>\n\t\t<\/div>\n\t\t\t\t\t<\/div>\n\t\t<\/section>\n\t\t\t\t<\/div>\n\t\t","protected":false},"excerpt":{"rendered":"<p>V t\u00fdchto pr\u00edpadoch nemus\u00edte nikde ni\u010d hl\u00e1si\u0165 a m\u00f4\u017eete za\u010da\u0165 rovno s pr\u00e1cami Z\u00e1kon 25\/2025 \u00a718 (5) Rozhodnutie o stavebnom z\u00e1mere ani ohl\u00e1senie sa nevy\u017eaduje na stavebn\u00e9 pr\u00e1ce na \u00fadr\u017ebu stavby, ktor\u00fdmi s\u00fa oprava fas\u00e1dy, oprava a v\u00fdmena stre\u0161nej krytiny alebo povrchu ploch\u00fdch striech, v\u00fdmena odkvapov\u00fdch \u017e\u013eabov a odtokov\u00fdch zvodov, klampiarskych, kov\u00e1\u010dskych, tes\u00e1rskych stre\u0161n\u00fdch v\u00fdrobkov, [&hellip;]<\/p>\n","protected":false},"author":1,"featured_media":0,"parent":1073,"menu_order":0,"comment_status":"closed","ping_status":"closed","template":"elementor_header_footer","meta":{"_monsterinsights_skip_tracking":false,"_monsterinsights_sitenote_active":false,"_monsterinsights_sitenote_note":"","_monsterinsights_sitenote_category":0,"footnotes":""},"class_list":["post-1427","page","type-page","status-publish","hentry"],"yoast_head":"<!-- This site is optimized with the Yoast SEO Premium plugin v19.5 (Yoast SEO v27.5) - https:\/\/yoast.com\/product\/yoast-seo-premium-wordpress\/ -->\n<title>Staviam bez povolen\u00ed - Ing.arch. Miroslav Novotn\u00fd<\/title>\n<meta name=\"description\" content=\"Architekt \u017eij\u00faci v Stupave. P\u00f4sobiaci v Bratislave a \u0161ir\u0161om okol\u00ed.\" \/>\n<meta name=\"robots\" content=\"index, follow, max-snippet:-1, max-image-preview:large, max-video-preview:-1\" \/>\n<link rel=\"canonical\" href=\"https:\/\/www.miroslavnovotny.sk\/?page_id=1427\" \/>\n<meta property=\"og:locale\" content=\"en_US\" \/>\n<meta property=\"og:type\" content=\"article\" \/>\n<meta property=\"og:title\" content=\"Staviam bez povolen\u00ed\" \/>\n<meta property=\"og:description\" content=\"Architekt \u017eij\u00faci v Stupave. P\u00f4sobiaci v Bratislave a \u0161ir\u0161om okol\u00ed.\" \/>\n<meta property=\"og:url\" content=\"https:\/\/www.miroslavnovotny.sk\/?page_id=1427\" \/>\n<meta property=\"og:site_name\" content=\"Ing.arch. Miroslav Novotn\u00fd\" \/>\n<meta property=\"article:publisher\" content=\"https:\/\/www.facebook.com\/miroslavnovotnyarchitekt\/\" \/>\n<meta property=\"article:modified_time\" content=\"2025-07-28T12:06:15+00:00\" \/>\n<meta name=\"twitter:card\" content=\"summary_large_image\" \/>\n<meta name=\"twitter:label1\" content=\"Est. reading time\" \/>\n\t<meta name=\"twitter:data1\" content=\"2 minutes\" \/>\n<script type=\"application\/ld+json\" class=\"yoast-schema-graph\">{\"@context\":\"https:\\\/\\\/schema.org\",\"@graph\":[{\"@type\":\"WebPage\",\"@id\":\"https:\\\/\\\/www.miroslavnovotny.sk\\\/?page_id=1427\",\"url\":\"https:\\\/\\\/www.miroslavnovotny.sk\\\/?page_id=1427\",\"name\":\"Staviam bez povolen\u00ed - Ing.arch. Miroslav Novotn\u00fd\",\"isPartOf\":{\"@id\":\"https:\\\/\\\/www.miroslavnovotny.sk\\\/#website\"},\"datePublished\":\"2025-06-11T18:15:41+00:00\",\"dateModified\":\"2025-07-28T12:06:15+00:00\",\"description\":\"Architekt \u017eij\u00faci v Stupave. P\u00f4sobiaci v Bratislave a \u0161ir\u0161om okol\u00ed.\",\"breadcrumb\":{\"@id\":\"https:\\\/\\\/www.miroslavnovotny.sk\\\/?page_id=1427#breadcrumb\"},\"inLanguage\":\"en-US\",\"potentialAction\":[{\"@type\":\"ReadAction\",\"target\":[\"https:\\\/\\\/www.miroslavnovotny.sk\\\/?page_id=1427\"]}]},{\"@type\":\"BreadcrumbList\",\"@id\":\"https:\\\/\\\/www.miroslavnovotny.sk\\\/?page_id=1427#breadcrumb\",\"itemListElement\":[{\"@type\":\"ListItem\",\"position\":1,\"name\":\"Home\",\"item\":\"https:\\\/\\\/www.miroslavnovotny.sk\\\/\"},{\"@type\":\"ListItem\",\"position\":2,\"name\":\"Odborne\",\"item\":\"https:\\\/\\\/www.miroslavnovotny.sk\\\/?page_id=1073\"},{\"@type\":\"ListItem\",\"position\":3,\"name\":\"Staviam bez povolen\u00ed\"}]},{\"@type\":\"WebSite\",\"@id\":\"https:\\\/\\\/www.miroslavnovotny.sk\\\/#website\",\"url\":\"https:\\\/\\\/www.miroslavnovotny.sk\\\/\",\"name\":\"Ing.arch. Miroslav Novotn\u00fd\",\"description\":\"architekt\",\"publisher\":{\"@id\":\"https:\\\/\\\/www.miroslavnovotny.sk\\\/#organization\"},\"alternateName\":\"MN\",\"potentialAction\":[{\"@type\":\"SearchAction\",\"target\":{\"@type\":\"EntryPoint\",\"urlTemplate\":\"https:\\\/\\\/www.miroslavnovotny.sk\\\/?s={search_term_string}\"},\"query-input\":{\"@type\":\"PropertyValueSpecification\",\"valueRequired\":true,\"valueName\":\"search_term_string\"}}],\"inLanguage\":\"en-US\"},{\"@type\":\"Organization\",\"@id\":\"https:\\\/\\\/www.miroslavnovotny.sk\\\/#organization\",\"name\":\"Ing.arch. Miroslav Novotn\u00fd\",\"alternateName\":\"MN\",\"url\":\"https:\\\/\\\/www.miroslavnovotny.sk\\\/\",\"logo\":{\"@type\":\"ImageObject\",\"inLanguage\":\"en-US\",\"@id\":\"https:\\\/\\\/www.miroslavnovotny.sk\\\/#\\\/schema\\\/logo\\\/image\\\/\",\"url\":\"https:\\\/\\\/www.miroslavnovotny.sk\\\/wp-content\\\/uploads\\\/2022\\\/10\\\/LOGO.jpg\",\"contentUrl\":\"https:\\\/\\\/www.miroslavnovotny.sk\\\/wp-content\\\/uploads\\\/2022\\\/10\\\/LOGO.jpg\",\"width\":71,\"height\":99,\"caption\":\"Ing.arch. Miroslav Novotn\u00fd\"},\"image\":{\"@id\":\"https:\\\/\\\/www.miroslavnovotny.sk\\\/#\\\/schema\\\/logo\\\/image\\\/\"},\"sameAs\":[\"https:\\\/\\\/www.facebook.com\\\/miroslavnovotnyarchitekt\\\/\"]}]}<\/script>\n<!-- \/ Yoast SEO Premium plugin. -->","yoast_head_json":{"title":"Staviam bez povolen\u00ed - Ing.arch. Miroslav Novotn\u00fd","description":"Architekt \u017eij\u00faci v Stupave. P\u00f4sobiaci v Bratislave a \u0161ir\u0161om okol\u00ed.","robots":{"index":"index","follow":"follow","max-snippet":"max-snippet:-1","max-image-preview":"max-image-preview:large","max-video-preview":"max-video-preview:-1"},"canonical":"https:\/\/www.miroslavnovotny.sk\/?page_id=1427","og_locale":"en_US","og_type":"article","og_title":"Staviam bez povolen\u00ed","og_description":"Architekt \u017eij\u00faci v Stupave. P\u00f4sobiaci v Bratislave a \u0161ir\u0161om okol\u00ed.","og_url":"https:\/\/www.miroslavnovotny.sk\/?page_id=1427","og_site_name":"Ing.arch. Miroslav Novotn\u00fd","article_publisher":"https:\/\/www.facebook.com\/miroslavnovotnyarchitekt\/","article_modified_time":"2025-07-28T12:06:15+00:00","twitter_card":"summary_large_image","twitter_misc":{"Est. reading time":"2 minutes"},"schema":{"@context":"https:\/\/schema.org","@graph":[{"@type":"WebPage","@id":"https:\/\/www.miroslavnovotny.sk\/?page_id=1427","url":"https:\/\/www.miroslavnovotny.sk\/?page_id=1427","name":"Staviam bez povolen\u00ed - Ing.arch. Miroslav Novotn\u00fd","isPartOf":{"@id":"https:\/\/www.miroslavnovotny.sk\/#website"},"datePublished":"2025-06-11T18:15:41+00:00","dateModified":"2025-07-28T12:06:15+00:00","description":"Architekt \u017eij\u00faci v Stupave. P\u00f4sobiaci v Bratislave a \u0161ir\u0161om okol\u00ed.","breadcrumb":{"@id":"https:\/\/www.miroslavnovotny.sk\/?page_id=1427#breadcrumb"},"inLanguage":"en-US","potentialAction":[{"@type":"ReadAction","target":["https:\/\/www.miroslavnovotny.sk\/?page_id=1427"]}]},{"@type":"BreadcrumbList","@id":"https:\/\/www.miroslavnovotny.sk\/?page_id=1427#breadcrumb","itemListElement":[{"@type":"ListItem","position":1,"name":"Home","item":"https:\/\/www.miroslavnovotny.sk\/"},{"@type":"ListItem","position":2,"name":"Odborne","item":"https:\/\/www.miroslavnovotny.sk\/?page_id=1073"},{"@type":"ListItem","position":3,"name":"Staviam bez povolen\u00ed"}]},{"@type":"WebSite","@id":"https:\/\/www.miroslavnovotny.sk\/#website","url":"https:\/\/www.miroslavnovotny.sk\/","name":"Ing.arch. Miroslav Novotn\u00fd","description":"architekt","publisher":{"@id":"https:\/\/www.miroslavnovotny.sk\/#organization"},"alternateName":"MN","potentialAction":[{"@type":"SearchAction","target":{"@type":"EntryPoint","urlTemplate":"https:\/\/www.miroslavnovotny.sk\/?s={search_term_string}"},"query-input":{"@type":"PropertyValueSpecification","valueRequired":true,"valueName":"search_term_string"}}],"inLanguage":"en-US"},{"@type":"Organization","@id":"https:\/\/www.miroslavnovotny.sk\/#organization","name":"Ing.arch. Miroslav Novotn\u00fd","alternateName":"MN","url":"https:\/\/www.miroslavnovotny.sk\/","logo":{"@type":"ImageObject","inLanguage":"en-US","@id":"https:\/\/www.miroslavnovotny.sk\/#\/schema\/logo\/image\/","url":"https:\/\/www.miroslavnovotny.sk\/wp-content\/uploads\/2022\/10\/LOGO.jpg","contentUrl":"https:\/\/www.miroslavnovotny.sk\/wp-content\/uploads\/2022\/10\/LOGO.jpg","width":71,"height":99,"caption":"Ing.arch. Miroslav Novotn\u00fd"},"image":{"@id":"https:\/\/www.miroslavnovotny.sk\/#\/schema\/logo\/image\/"},"sameAs":["https:\/\/www.facebook.com\/miroslavnovotnyarchitekt\/"]}]}},"_links":{"self":[{"href":"https:\/\/www.miroslavnovotny.sk\/index.php?rest_route=\/wp\/v2\/pages\/1427","targetHints":{"allow":["GET"]}}],"collection":[{"href":"https:\/\/www.miroslavnovotny.sk\/index.php?rest_route=\/wp\/v2\/pages"}],"about":[{"href":"https:\/\/www.miroslavnovotny.sk\/index.php?rest_route=\/wp\/v2\/types\/page"}],"author":[{"embeddable":true,"href":"https:\/\/www.miroslavnovotny.sk\/index.php?rest_route=\/wp\/v2\/users\/1"}],"replies":[{"embeddable":true,"href":"https:\/\/www.miroslavnovotny.sk\/index.php?rest_route=%2Fwp%2Fv2%2Fcomments&post=1427"}],"version-history":[{"count":6,"href":"https:\/\/www.miroslavnovotny.sk\/index.php?rest_route=\/wp\/v2\/pages\/1427\/revisions"}],"predecessor-version":[{"id":1621,"href":"https:\/\/www.miroslavnovotny.sk\/index.php?rest_route=\/wp\/v2\/pages\/1427\/revisions\/1621"}],"up":[{"embeddable":true,"href":"https:\/\/www.miroslavnovotny.sk\/index.php?rest_route=\/wp\/v2\/pages\/1073"}],"wp:attachment":[{"href":"https:\/\/www.miroslavnovotny.sk\/index.php?rest_route=%2Fwp%2Fv2%2Fmedia&parent=1427"}],"curies":[{"name":"wp","href":"https:\/\/api.w.org\/{rel}","templated":true}]}}